{"id":2,"date":"2025-12-18T21:55:27","date_gmt":"2025-12-18T21:55:27","guid":{"rendered":"https:\/\/angelicablogg-cgc0f8ekb9f9e4hd.swedencentral-01.azurewebsites.net\/?page_id=2"},"modified":"2025-12-18T22:54:18","modified_gmt":"2025-12-18T22:54:18","slug":"sample-page","status":"publish","type":"page","link":"https:\/\/angelica.elversson.eu\/?page_id=2","title":{"rendered":"Om Mig"},"content":{"rendered":"\n<p>En tjej p\u00e5 32 \u00e5r fr\u00e5n S\u00f6dra Sverige!<\/p>\n\n\n\n<p>Blev Fru 13\/10 2018<\/p>\n\n\n\n<p>\u00c4gare till 2 vackra hon katter, Alice och Zelda<\/p>\n\n\n\n<p>H\u00e4ng med i mitt liv med min lilla familj och min kamp mot psykisk oh\u00e4lsa och f\u00e5 fler att f\u00e5 upp \u00f6gonen f\u00f6r vad det inneb\u00e4r!<\/p>\n","protected":false},"excerpt":{"rendered":"<p>En tjej p\u00e5 32 \u00e5r fr\u00e5n S\u00f6dra Sverige! Blev Fru 13\/10 2018 \u00c4gare till 2 vackra hon katter, Alice och Zelda H\u00e4ng med i mitt liv med min lilla familj och min kamp mot psykisk oh\u00e4lsa och f\u00e5 fler att f\u00e5 upp \u00f6gonen f\u00f6r vad det inneb\u00e4r!<\/p>\n","protected":false},"author":1,"featured_media":11,"parent":0,"menu_order":0,"comment_status":"closed","ping_status":"open","template":"","meta":{"footnotes":""},"class_list":["post-2","page","type-page","status-publish","has-post-thumbnail","hentry"],"jetpack_sharing_enabled":true,"jetpack_likes_enabled":true,"_links":{"self":[{"href":"https:\/\/angelica.elversson.eu\/index.php?rest_route=\/wp\/v2\/pages\/2","targetHints":{"allow":["GET"]}}],"collection":[{"href":"https:\/\/angelica.elversson.eu\/index.php?rest_route=\/wp\/v2\/pages"}],"about":[{"href":"https:\/\/angelica.elversson.eu\/index.php?rest_route=\/wp\/v2\/types\/page"}],"author":[{"embeddable":true,"href":"https:\/\/angelica.elversson.eu\/index.php?rest_route=\/wp\/v2\/users\/1"}],"replies":[{"embeddable":true,"href":"https:\/\/angelica.elversson.eu\/index.php?rest_route=%2Fwp%2Fv2%2Fcomments&post=2"}],"version-history":[{"count":2,"href":"https:\/\/angelica.elversson.eu\/index.php?rest_route=\/wp\/v2\/pages\/2\/revisions"}],"predecessor-version":[{"id":10,"href":"https:\/\/angelica.elversson.eu\/index.php?rest_route=\/wp\/v2\/pages\/2\/revisions\/10"}],"wp:featuredmedia":[{"embeddable":true,"href":"https:\/\/angelica.elversson.eu\/index.php?rest_route=\/wp\/v2\/media\/11"}],"wp:attachment":[{"href":"https:\/\/angelica.elversson.eu\/index.php?rest_route=%2Fwp%2Fv2%2Fmedia&parent=2"}],"curies":[{"name":"wp","href":"https:\/\/api.w.org\/{rel}","templated":true}]}}